1
In base 10, what is -4 - 91?
-95
In base 5, what is 1 + -22343?
-22342
In base 11, what is 153 - -a?
162
In base 4, what is 3 - 33111?
-33102
In base 16, what is -4 - -1e?
1a
In base 9, what is -27 - 348?
-376
In base 7, what is -11 - -10?
-1
In base 11, what is 1 + 15a?
160
In base 9, what is -2 + 315?
313
In base 3, what is -10221212 - 2?
-10221221
In base 14, what is -5 + -625?
-62a
In base 14, what is 7d - -67?
106
In base 5, what is -10 - 13203?
-13213
In base 13, what is -5 - b93?
-b98
In base 13, what is 6c - 90?
-21
In base 16, what is 3 + -2c?
-29
In base 13, what is 1c9a - 0?
1c9a
In base 7, what is -4 - 40?
-44
In base 9, what is 1 - -76?
77
In base 12, what is 164 + -12?
152
In base 4, what is -1303011 + 2?
-1303003
In base 13, what is -12c4 + 1?
-12c3
In base 6, what is -330 + -3?
-333
In base 13, what is 0 - -1b?
1b
In base 2, what is -1 - 10110?
-10111
In base 6, what is 11 - 214?
-203
In base 3, what is 1000021 - -11?
1000102
In base 11, what is -47 + -4?
-50
In base 5, what is -10100 - -23?
-10022
In base 7, what is 2553 - -26?
2612
In base 9, what is -480 + 5?
-474
In base 8, what is 4 + -64?
-60
In base 16, what is 5 - 7?
-2
In base 3, what is -100011 - 2?
-100020
In base 3, what is -2 + -10222?
-11001
In base 13, what is -458 - -17?
-441
In base 12, what is 1325 - 5?
1320
In base 5, what is -14 + -2?
-21
In base 8, what is 56 - -174?
252
In base 6, what is 5 + 3502?
3511
In base 8, what is -11 - 65?
-76
In base 11, what is 35 + -10?
25
In base 9, what is -235 + 4?
-231
In base 10, what is -723 + 9?
-714
In base 13, what is -1 + -43?
-44
In base 2, what is -1101010000110 - 1?
-1101010000111
In base 9, what is -42 - 267?
-320
In base 12, what is 1 - -41?
42
In base 4, what is 10333 - -131?
11130
In base 4, what is -13001 - 2?
-13003
In base 7, what is 64 + -20?
44
In base 8, what is 1 + -243?
-242
In base 14, what is 1 - a?
-9
In base 6, what is -1020 + 0?
-1020
In base 3, what is 1010 - 102?
201
In base 14, what is -a + -2?
-c
In base 5, what is -43 + -4?
-102
In base 11, what is -5 - 602?
-607
In base 8, what is -2 - 23?
-25
In base 10, what is 11 + 3?
14
In base 10, what is 0 - 52?
-52
In base 15, what is -365 + -2?
-367
In base 2, what is -10100010 - -100100?
-1111110
In base 4, what is 2 - 2220?
-2212
In base 3, what is 0 - 21?
-21
In base 13, what is -2 - 7c1?
-7c3
In base 8, what is 1 - -1120?
1121
In base 12, what is 2 + -24?
-22
In base 7, what is 12 - 124?
-112
In base 9, what is -10 - -80?
70
In base 9, what is -2 + -484?
-486
In base 10, what is -1 - -1905?
1904
In base 6, what is -225 - -2?
-223
In base 3, what is 101 + -12?
12
In base 10, what is -17 + -7?
-24
In base 16, what is e3 - -4?
e7
In base 8, what is 30 - 5?
23
In base 13, what is ac + -3?
a9
In base 9, what is -3 + -25?
-28
In base 9, what is -2 - 100?
-102
In base 14, what is a5 - 12?
93
In base 6, what is 1020224 - -1?
1020225
In base 11, what is 2 - -86?
88
In base 12, what is -5 + 10b?
106
In base 9, what is -8 + -1750?
-1758
In base 13, what is -4 + -88?
-8c
In base 2, what is 101110 - 11?
101011
In base 14, what is 8 - 30?
-26
In base 13, what is -2 - 46?
-48
In base 3, what is 10 + 2122?
2202
In base 6, what is 4541 - -4?
4545
In base 13, what is b - 56?
-48
In base 12, what is 44 + 71?
b5
In base 15, what is 2ad + -1?
2ac
In base 14, what is -7 + -16?
-1d
In base 12, what is -59 - 52?
-ab
In base 4, what is -3003 - 0?
-3003
In base 11, what is -242 + -1?
-243
In base 10, what is -14 + -1420?
-1434
In base 6, what is 1112 - 11?
1101
In base 6, what is -43 - 302?
-345
In base 14, what is -3 + 36d?
36a
In base 15, what is -96 - -1?
-95
In base 6, what is -102 - 5?
-111
In base 6, what is -34 + -1?
-35
In base 4, what is -21 + 2021?
2000
In base 14, what is -2 + 1b0?
1ac
In base 9, what is -168 + 12?
-156
In base 2, what is 0 + -111001011100?
-111001011100
In base 3, what is 10 + 20200?
20210
In base 15, what is -6d - -c?
-61
In base 14, what is -3bc + -d?
-3cb
In base 11, what is 372 - 1?
371
In base 7, what is -2244 + 0?
-2244
In base 5, what is 4 - -200?
204
In base 2, what is -11010 - -101?
-10101
In base 14, what is -2 + -a?
-c
In base 16, what is -8 + 7c?
74
In base 4, what is 12 + -1120?
-1102
In base 16, what is -4d24 - 4?
-4d28
In base 9, what is 31 - 2?
28
In base 9, what is 0 + -230?
-230
In base 11, what is 3 - 98?
-95
In base 3, what is 1112 + -10110?
-1221
In base 16, what is 18 + -19?
-1
In base 13, what is 24 + 2?
26
In base 2, what is 1100 + 1?
1101
In base 8, what is 1273 - -5?
1300
In base 2, what is 0 - -1000101010?
1000101010
In base 6, what is 0 + -12134?
-12134
In base 16, what is 11 - -2?
13
In base 6, what is 4 - -15204?
15212
In base 13, what is 60 - -2?
62
In base 15, what is 1a - -a0?
ba
In base 3, what is 2010 - 20210?
-11200
In base 15, what is 16 + -12?
4
In base 8, what is -4 - 152?
-156
In base 4, what is -201 - 13?
-220
In base 16, what is 1 - 12b?
-12a
In base 13, what is -2 - 93?
-95
In base 9, what is -82 - -4?
-77
In base 3, what is -2 + 1110?
1101
In base 13, what is 4 - -bb?
c2
In base 8, what is 5 - -2152?
2157
In base 13, what is -109 + -3?
-10c
In base 8, what is 4 - 2076?
-2072
In base 14, what is -5 - 44?
-49
In base 5, what is -214 + -4?
-223
In base 11, what is -2 + -172?
-174
In base 5, what is 2 - 1134?
-1132
In base 3, what is 22222 + 11?
100010
In base 6, what is -2410 - -5?
-2401
In base 6, what is -3 + 1103?
1100
In base 4, what is -103320 - 11?
-103331
In base 13, what is -1 - 3b?
-3c
In base 7, what is -2144 + 4?
-2140
In base 9, what is -742 - -3?
-738
In base 15, what is -4b - 4?
-50
In base 14, what is 8 + 51?
59
In base 3, what is 110 - 12020?
-11210
In base 9, what is -4 + 268?
264
In base 9, what is -5 - 286?
-302
In base 14, what is -5 + -739?
-740
In base 10, what is 130 - -21?
151
In base 8, what is 532 + 1?
533
In base 7, what is 61 + -42?
16
In base 12, what is 4 - -531?
535
In base 11, what is -83a4 - -5?
-839a
In base 10, what is 357 + 5?
362
In base 3, what is -10102 + -10010?
-20112
In base 13, what is 5 + -7b?
-76
In base 11, what is 3 - 436?
-433
In base 10, what is -2 + -1643?
-1645
In base 14, what is 1c - -b?
29
In base 9, what is -1841 + 11?
-1830
In base 15, what is -3c4 + 5?
-3be
In base 9, what is -3462 - -10?
-3452
In base 8, what is 0 - 23?
-23
In base 15, what is 8 + -18?
-10
In base 12, what is -1215 - 3?
-1218
In base 5, what is 10 + -10311?
-10301
In base 14, what is a - -6?
12
In base 16, what is 90 + c?
9c
In base 7, what is -113 - -2?
-111
In base 6, what is -3 - 11025?
-11032
In base 15, what is 294 + -e?
285
In base 5, what is 23201 - 2?
23144
In base 9, what is -1104 + -8?
-1113
In base 10, what is -255 + 1?
-254
In base 4, what is -2333 + -10?
-3003
In base 9, what is -73 - 11?
-84
In base 11, what is -12 + 96?
84
In base 10, what is -5 - -419?
414
In base 10, what is 0 + 1976?
1976
In base 16, what is -90 + 2f?
-61
In base 16, what is -15 - a?
-1f
In base 9, what is -3133 - -5?
-3127
In base 2, what is 1001111101100111 - 11?
1001111101100100
In base 11, what is -5 + 468?
463
In base 2, what is -100 + -1010001110001?
-1010001110101
In base 14, what is 5 + -56?
-51
In base 2, what is 100100100001010 + -10?
100100100001000
In base 2, what is 1000010000 - 1100?
1000000100
In base 12, what is -60 - 15?
-75
In base 13, what is -4052 - -2?
-4050
In base 9, what is 112 + 4?
116
In base 6, what is 21441 - 2?
21435
In base 9, what is 3 + 23?
26
In base 10, what is 3 + 25?
28
In base 4, what is -3211 + -10?
-3221
In base 10, what is -331 + 4?
-327
In base 11, what is 3764 + -5?
375a
In base 7, what is 131 - -5?
136
In base 6, what is -2220 - 2?
-2222
In base 2, what is 1001011 + 1?
1001100
In base 14, what is 3 + 3d?
42
In base 3, what is 11 + -1100020?
-1100002
In base 15, what is -5 + 44?
3e
In base 8, what is 15 - 120?
-103
In base 15, what is 4 + 1?
5
In base 15, what is -5d - -4?
-59
In base 10, what is -10 - 280?
-290
In base 13, what is -3116 + 3?
-3113
In base 4, what is 11 - 3122?
-3111
In base 2, what is -1 - 1100101110?
-1100101111
In base 15, what is -5 - -1d3?
1cd
In base 10, what is 846 - -3?
849
In base 7, what is 0 + 3504?
3504
In base 8, what is 111 - 5?
104
In base 2, what is -100010101001 + -11?
-100010101100
In base 2, what is -100 - 111010